
Suppose 0*p - 3*p = -21. Let i(u) = 2*u**2 - 6*u - 8. Let m be i(p). Calculate the greatest common factor of m and 32.
16
Suppose -2 = o + 5*r - 1, 0 = 5*r + 5. Suppose -l - 6 = o*w, 2*w + 5*l = -3*w. Let v be 2*(1 + w) - -5. What is the highest common factor of v and 12?
3
Let v(m) = m**2 - 15*m + 3. Let o(l) = -l**2 + 7*l - 1. Let h(s) = -9*o(s) - 4*v(s). Let x be h(3). What is the greatest common factor of x and 3?
3
Suppose -3*j + 233 = 2*u, 0 = 3*u - 4*u + j + 129. What is the highest common factor of u and 31?
31
Suppose 4*t = -t + 130. Calculate the greatest common divisor of 208 and t.
26
Let i be (-2 - -3)*(4 + -1). Let b be (-195)/12*(-12)/i. Calculate the highest common divisor of 26 and b.
13
Let i be ((-6)/(-8))/((-2)/(-1888)). Let b be 2/5 - i/(-30). Suppose 3*v = 5*s + 61, -2*s - 85 = -5*v + 3*s. What is the highest common divisor of v and b?
12
Let w be 37/7 + 6/(-21). Suppose u - 3 = 2*f + 3, -w*u - 4*f = 12. Let n be ((-9)/(-12) + u)*4. What is the highest common divisor of 24 and n?
3
Let k(t) = -3*t + 1. Let b be k(-6). Calculate the highest common factor of b and 171.
19
Let c(q) = q**2 + 8*q + 5. Let h = 23 + -32. Let k be 70/h - (-8)/(-36). Let a be c(k). Calculate the highest common divisor of 15 and a.
5
Let h = 36 - 21. What is the greatest common divisor of 60 and h?
15
Suppose -22 - 158 = -5*p. Let c be 6/15 + 108/5. Suppose -2*t + c = 3*v, -2*t + 6*t + p = 2*v. Calculate the greatest common divisor of v and 2.
2
Let w be (4 - 1)*165/9. Let x = 52 + -30. What is the highest common factor of x and w?
11
Suppose -p + 3 + 7 = 0. Suppose -310 = -4*k - 5*v, -9 + 7 = v. Calculate the greatest common divisor of k and p.
10
Suppose 0 = 3*t - 0*t - 60. Suppose 22*q + 46 - 156 = 0. What is the greatest common factor of q and t?
5
Let u be -1 - (-4 + 3)*15. Let n = u + -8. Suppose 4*h = 71 + 121. Calculate the greatest common divisor of h and n.
6
Let y = -3 + 8. Calculate the highest common factor of 10 and y.
5
Suppose t = -0*w + 3*w - 118, -t - 158 = -4*w. What is the highest common factor of w and 5?
5
Let y be -8*(1 + 20/(-8)). What is the highest common factor of y and 48?
12
Let o(s) = s**3 + 7*s**2 - 9*s - 5. Let n be o(-8). Suppose 13 = n*c - 23. Let a be (-4)/10 - 84/(-10). What is the greatest common divisor of c and a?
4
Let y(x) = x**3 - 14*x**2 - 15*x + 21. Let p be y(15). Calculate the highest common divisor of p and 14.
7
Let t be (1/3)/(4/36). Let m(x) = 3 - x**t - x**2 + x + 4*x**2 + x + 2*x. Let y be m(-2). Calculate the highest common factor of y and 5.
5
Suppose 2*t - 5 = 5. Suppose -9*v = -t*v - 704. Calculate the greatest common divisor of v and 16.
16
Let j(u) = u**2 - 6*u + 7. Let v = 1 + 5. Let r be j(v). Suppose -4*l - 63 = -r*l. What is the greatest common factor of l and 147?
21
Let w = -45 - -87. Suppose 0*n + n - 2 = 0. Suppose -4*v = -2*z - 14, -n*z + 49 - 9 = 5*v. What is the highest common factor of w and v?
6
Let d be (1 + 7)/(9 + -7). Suppose 0 = 2*f + 2 - d. Calculate the greatest common factor of 2 and f.
1
Let a = -12 - -18. Let v be (a/(-2))/(8 - 11). Calculate the greatest common divisor of v and 11.
1
Let y be ((-1 - -2) + 0)*11. Let j be (-44)/12*-1*15. What is the greatest common divisor of y and j?
11
Suppose 5*z - 177 = -2*u + 161, 5*u + 141 = 2*z. What is the highest common factor of 17 and z?
17
Let s = 21 - 15. Suppose 11*z - 35 = s*z. What is the highest common factor of z and 7?
7
Suppose -2*m + 3 + 15 = 0. What is the highest common divisor of m and 27?
9
Suppose -3 = n + 2. Let y be (-1 + 0)*(n - 3). Let p = 0 + 1. Calculate the highest common divisor of p and y.
1
Suppose 0 = -5*v + 44 + 11. Suppose 3*t - 58 - 74 = 0. What is the highest common factor of v and t?
11
Let y = -22 + 26. Calculate the highest common factor of y and 10.
2
Let d = -22 + -59. Let b = 23 - d. Suppose b = 5*a - 76. Calculate the highest common divisor of a and 12.
12
Let x(g) = 6*g + 2. Let c be x(5). What is the greatest common divisor of 288 and c?
32
Let u be 270/36 + (-3)/18*-3. Let v(f) = -f + 1. Let h be v(1). Let z be h + 2 - (-8 + 2). What is the greatest common factor of z and u?
8
Suppose -4*q + 576 = -2*i, 0 = 2*q - q + 2*i - 144. Calculate the highest common factor of 18 and q.
18
Let t be (-6)/(-9) - (-3)/9. Suppose 0 = -q + 1 + t. Let o be (-3)/q*56/(-6). Calculate the greatest common divisor of 7 and o.
7
Let q(h) = -h**3 - h**2 - 2. Let i be q(-3). Suppose 2 = -k + i. What is the greatest common factor of k and 126?
14
Let z = 77 + 99. Let k(q) = q + 3. Let m(h) = h**2 + 3*h + 10. Let d(u) = -8*k(u) + 3*m(u). Let y be d(-2). Calculate the greatest common divisor of y and z.
16
Let r be (3/2)/(6/8). Calculate the greatest common factor of r and 10.
2
Suppose 3*i = 8*i - 440. What is the highest common divisor of 11 and i?
11
Let t be 1/2*(-3 - -11). Suppose -2*g + t*f + 216 - 76 = 0, -2*g + 147 = 3*f. Calculate the greatest common factor of 48 and g.
24
Suppose 0 = -4*d - 27 - 1. Let z = d + 8. Calculate the greatest common factor of z and 5.
1
Suppose -i + 20 = 4*i. Suppose 2*l - 706 = i*l. Let g = -199 - l. What is the highest common divisor of g and 14?
14
Suppose -12 = -o + 2*v + 2*v, -4*o - 5*v = -111. Suppose 0 = -5*d + d + o. Let i(q) = -50*q - 2. Let n be i(-1). Calculate the highest common factor of n and d.
6
Let h(p) = p**2 + 5*p - 5. Let k be h(-7). Let c = 11 - 2. What is the highest common factor of c and k?
9
Let o be (-1 - 1)/(2/(-32)). Let v be (o/10)/(10/50). Calculate the greatest common divisor of v and 4.
4
Let a(z) = -z + 8. Let t be a(8). Suppose 2 = r - t*r. Calculate the greatest common factor of r and 5.
1
Let t(g) = 23*g - 32. Let m be t(21). Calculate the highest common factor of 41 and m.
41
Let u(h) = h + 12. Let l be u(14). Calculate the greatest common factor of 39 and l.
13
Suppose -q - 60 = -5*m, -4*m - m - 5*q = -30. Let d(o) = -o**3 + 8*o**2 - 7*o + 3. Let a be d(6). What is the greatest common factor of m and a?
11
Suppose 6*s = 4 + 8. Suppose 0 = s*c - 4*c + 12. Calculate the greatest common factor of c and 42.
6
Let z(i) = -i - 4. Let n be z(-4). Suppose p + 7 - 17 = n. Let h = 86 + -46. What is the greatest common divisor of p and h?
10
Let k = 9 + -6. Suppose -q - 2*q + 69 = -2*l, -l = 3. Calculate the greatest common factor of q and k.
3
Let s = -126 + 133. What is the highest common divisor of s and 21?
7
Let k be 1158/90 + (-5)/(150/(-4)). Calculate the highest common divisor of 65 and k.
13
Let o = 147 - -98. Suppose 4*n + n = o. What is the greatest common factor of n and 7?
7
Suppose -5*z - 5*c = -50, -z - 4*z = c - 58. Calculate the greatest common divisor of z and 288.
12
Suppose -3 = -2*j + 3. Calculate the greatest common factor of 24 and j.
3
Suppose -8*b + 3*b = -5*r + 40, -5*r + 46 = -3*b. Let s(h) = 2*h**2 - h + 1. Let c be s(-2). Calculate the greatest common divisor of r and c.
11
Let c be (-7)/(7/(-4)) + 86. What is the greatest common factor of c and 9?
9
Let s be 12/(-10)*(-1 - -6). Suppose 0 = 3*i + 2*i + 20. Let v = i - s. What is the highest common divisor of 14 and v?
2
Suppose 0 = 5*w + 25 - 85. What is the greatest common divisor of 24 and w?
12
Suppose 2*f + 5*q - 95 = 0, -2*q = -3*f + 3*q + 155. Let t be 5/((-5)/(-2))*10. What is the greatest common factor of f and t?
10
Suppose -2*a + 2*t = -6, 11 = a - 4*t - 4. Let c = a + 3. Let k be (c + (-18)/(-2))/1. Calculate the highest common divisor of k and 77.
11
Let b = 20 - -70. Calculate the highest common factor of 10 and b.
10
Let b(r) = 6*r**3 - 3*r**2 + 3*r - 1. Let c be b(1). Suppose 5*o - 20 = 3*o. Let d be (12/o)/3*25. What is the highest common factor of c and d?
5
Let o = 4 - 0. Suppose -5*m - 36 = -4*r, -3*m - 31 + 11 = -2*r. Suppose r*a + 0*c - o*c = 12, a - 28 = -4*c. What is the greatest common divisor of 40 and a?
8
Suppose 3*y = -2*q + 117, -3*q = -8*q. Suppose 0 = -3*b - 5*m + 103, -5*b - 2*m = m - 145. Calculate the highest common divisor of b and y.
13
Let a = 8 + 2. Calculate the highest common divisor of 5 and a.
5
Suppose 124 = 5*r - 3*r + f, -4*r + 2*f + 232 = 0. What is the greatest common divisor of 15 and r?
15
Let n be 2 + -3 - 67*1. Let z = -22 + n. Let l be (z/(-4))/(3/6). Calculate the greatest common divisor of 15 and l.
15
Let w(s) =